s divided by 668?
665
Calculate the remainder when 4876 is divided by 503.
349
What is the remainder when 2688 is divided by 506?
158
What is the remainder when 9696 is divided by 4840?
16
What is the remainder when 15277 is divided by 663?
28
Calculate the remainder when 287813 is divided by 154.
141
Calculate the remainder when 2078 is divided by 572.
362
Calculate the remainder when 6803 is divided by 575.
478
Calculate the remainder when 718 is divided by 535.
183
What is the remainder when 22624 is divided by 1513?
1442
What is the remainder when 675 is divided by 121?
70
Calculate the remainder when 21163 is divided by 662.
641
Calculate the remainder when 14364 is divided by 852.
732
Calculate the remainder when 7061 is divided by 123.
50
Calculate the remainder when 7430 is divided by 3536.
358
What is the remainder when 50365 is divided by 122?
101
Calculate the remainder when 15325 is divided by 451.
442
Calculate the remainder when 20673 is divided by 376.
369
What is the remainder when 71184 is divided by 13?
9
Calculate the remainder when 43248 is divided by 29.
9
Calculate the remainder when 50519 is divided by 16833.
20
Calculate the remainder when 16749 is divided by 16.
13
Calculate the remainder when 213240 is divided by 213235.
5
What is the remainder when 4060 is divided by 272?
252
Calculate the remainder when 10097 is divided by 10078.
19
Calculate the remainder when 33697 is divided by 11223.
28
Calculate the remainder when 10372 is divided by 114.
112
Calculate the remainder when 8686 is divided by 301.
258
What is the remainder when 125561 is divided by 194?
43
Calculate the remainder when 39638 is divided by 2198.
74
Calculate the remainder when 101429 is divided by 483.
482
Calculate the remainder when 18640 is divided by 24.
16
Calculate the remainder when 53999 is divided by 15.
14
What is the remainder when 3151 is divided by 77?
71
What is the remainder when 374385 is divided by 993?
24
Calculate the remainder when 89425 is divided by 216.
1
What is the remainder when 9798 is divided by 998?
816
What is the remainder when 421146 is divided by 7799?
0
What is the remainder when 434 is divided by 57?
35
What is the remainder when 73289 is divided by 70?
69
Calculate the remainder when 11254 is divided by 5626.
2
Calculate the remainder when 5785 is divided by 17.
5
Calculate the remainder when 61767 is divided by 12350.
17
Calculate the remainder when 13972 is divided by 1420.
1192
What is the remainder when 259392 is divided by 22?
12
Calculate the remainder when 38497 is divided by 33.
19
Calculate the remainder when 5612 is divided by 374.
2
Calculate the remainder when 1823 is divided by 1719.
104
What is the remainder when 12715 is divided by 1053?
79
What is the remainder when 16825 is divided by 3737?
1877
What is the remainder when 8979 is divided by 18?
15
What is the remainder when 983 is divided by 428?
127
Calculate the remainder when 127313 is divided by 232.
177
What is the remainder when 58505 is divided by 16?
9
Calculate the remainder when 12394 is divided by 1126.
8
What is the remainder when 136859 is divided by 1355?
4
Calculate the remainder when 34231 is divided by 358.
221
Calculate the remainder when 56592 is divided by 221.
16
What is the remainder when 4514 is divided by 2409?
2105
What is the remainder when 310587 is divided by 870?
867
Calculate the remainder when 7499 is divided by 17.
2
What is the remainder when 1466 is divided by 316?
202
What is the remainder when 20536 is divided by 163?
161
What is the remainder when 539 is divided by 255?
29
Calculate the remainder when 15478 is divided by 102.
76
What is the remainder when 60057 is divided by 286?
283
What is the remainder when 7232 is divided by 3612?
8
What is the remainder when 10285 is divided by 23?
4
What is the remainder when 275470 is divided by 68862?
22
Calculate the remainder when 13440 is divided by 26.
24
Calculate the remainder when 107696 is divided by 189.
155
Calculate the remainder when 764171 is divided by 69.
65
What is the remainder when 5774 is divided by 1421?
90
Calculate the remainder when 114958 is divided by 40.
38
Calculate the remainder when 171 is divided by 156.
15
Calculate the remainder when 3017 is divided by 1005.
2
What is the remainder when 26391 is divided by 43?
32
What is the remainder when 383655 is divided by 47?
41
Calculate the remainder when 2037 is divided by 15.
12
What is the remainder when 535846 is divided by 178614?
4
Calculate the remainder when 255624 is divided by 85204.
12
Calculate the remainder when 1432 is divided by 142.
12
Calculate the remainder when 1129 is divided by 610.
519
Calculate the remainder when 136142 is divided by 31.
21
What is the remainder when 1468503 is divided by 1388?
1387
Calculate the remainder when 273211 is divided by 273206.
5
Calculate the remainder when 70281 is divided by 16.
9
Calculate the remainder when 5154 is divided by 1717.
3
What is the remainder when 150283 is divided by 266?
259
Calculate the remainder when 60144 is divided by 5467.
7
Calculate the remainder when 1137 is divided by 664.
473
What is the remainder when 1549 is divided by 818?
731
Calculate the remainder when 676 is divided by 52.
0
Calculate the remainder when 165570 is divided by 82771.
28
What is the remainder when 380916 is divided by 356?
352
What is the remainder when 1577 is divided by 5?
2
Calculate the remainder when 13666 is divided by 1692.
130
Calculate the remainder when 9765 is divided by 171.
18
What is the remainder when 43391 is divided by 384?
383
Calculate the remainder when 3836 is divided by 3827.
9
What is the remainder when 2180 is divided by 219?
209
Calculate the remainder when 46178 is divided by 181.
23
What is the remainder when 94423 is divided by 277?
243
What is the remainder when 2946 is divided by 116?
46
What is the remainder when 17707 is divided by 363?
283
What is the remainder when 9718 is divided by 60?
58
Calculate the remainder when 401188 is divided by 30.
28
What is the remainder when 10828 is divided by 676?
12
What is the remainder when 962571 is divided by 34?
31
Calculate the remainder when 35120 is divided by 34.
32
Calculate the remainder when 179919 is divided by 68.
59
Calculate the remainder when 18815 is divided by 80.
15
What is the remainder when 6301 is divided by 1941?
478
Calculate the remainder when 35105 is divided by 362.
353
What is the remainder when 121101 is divided by 11008?
13
What is the remainder when 498935 is divided by 22?
19
Calculate the remainder when 154434 is divided by 22059.
21
What is the remainder when 37235 is divided by 36?
11
What is the remainder when 8192 is divided by 8158?
34
What is the remainder when 223414 is divided by 72?
70
Calculate the remainder when 1632 is divided by 505.
117
Calculate the remainder when 354760 is divided by 1005.
1000
What is the remainder when 1725 is divided by 334?
55
Calculate the remainder when 134865 is divided by 379.
320
What is the remainder when 1808 is divided by 234?
170
What is the remainder when 70433 is divided by 23461?
50
What is the remainder when 150273 is divided by 154?
123
Calculate the remainder when 7071 is divided by 189.
78
What is the remainder when 199054 is divided by 18092?
42
What is the remainder when 44635 is divided by 1275?
10
What is the remainder when 24490 is divided by 1100?
290
What is the remainder when 171241 is divided by 5351?
9
What is the remainder when 225 is divided by 212?
13
Calculate the remainder when 168726 is divided by 14060.
6
Calculate the remainder when 696 is divided by 226.
18
What is the remainder when 6682 is divided by 152?
146
What is the remainder when 12147 is divided by 90?
87
Calculate the remainder when 153292 is divided by 1991.
1976
What is the remainder when 298185 is divided by 142?
127
Calculate the remainder when 1343 is divided by 15.
8
Calculate the remainder when 4499 is divided by 169.
105
What is the remainder when 15481 is divided by 67?
4
What is the remainder when 10226 is divided by 10169?
57
What is the remainder when 20429 is divided by 5105?
9
What is the remainder when 344947 is divided by 33?
31
Calculate the remainder when 33420 is divided by 836.
816
Calculate